{"id":2,"date":"2013-04-09T15:11:29","date_gmt":"2013-04-09T15:11:29","guid":{"rendered":"http:\/\/revistaelhipogrifo.com\/?page_id=2"},"modified":"2019-02-05T01:20:16","modified_gmt":"2019-02-05T00:20:16","slug":"sample-page","status":"publish","type":"page","link":"http:\/\/www.revistaelhipogrifo.com\/?page_id=2","title":{"rendered":"La Revista"},"content":{"rendered":"<blockquote>\n<p style=\"text-align: right;\"><span style=\"color: #ffffff;\"><strong>\u00a0ISSN\u00a02420-918X \u00a0\u00a0<span style=\"color: #00ffff;\"><em><a style=\"color: #00ffff;\" href=\"http:\/\/www.revistaelhipogrifo.com\/wp-content\/uploads\/2013\/04\/Asignaci\u00f3n-ISSN.pdf\">Asignaci\u00f3n ISSN<\/a><\/em><\/span><\/strong><\/span><span style=\"color: #fb0330;\"><i>\u00a0 \u00a0\u00a0<\/i>\u00a0\u00a0\u00a0\u00a0\u00a0\u00a0\u00a0\u00a0\u00a0\u00a0\u00a0\u00a0\u00a0\u00a0\u00a0\u00a0\u00a0\u00a0\u00a0\u00a0\u00a0\u00a0\u00a0\u00a0\u00a0\u00a0\u00a0\u00a0\u00a0\u00a0\u00a0\u00a0\u00a0\u00a0\u00a0\u00a0\u00a0\u00a0\u00a0\u00a0\u00a0\u00a0\u00a0\u00a0\u00a0\u00a0\u00a0\u00a0\u00a0\u00a0\u00a0\u00a0\u00a0\u00a0\u00a0\u00a0\u00a0\u00a0\u00a0\u00a0\u00a0\u00a0\u00a0\u00a0\u00a0\u00a0\u00a0\u00a0\u00a0\u00a0\u00a0\u00a0\u00a0\u00a0\u00a0\u00a0\u00a0\u00a0\u00a0\u00a0\u00a0\u00a0\u00a0\u00a0\u00a0\u00a0\u00a0\u00a0\u00a0\u00a0\u00a0\u00a0\u00a0\u00a0\u00a0\u00a0\u00a0\u00a0\u00a0\u00a0\u00a0\u00a0\u00a0\u00a0\u00a0\u00a0\u00a0\u00a0\u00a0\u00a0\u00a0\u00a0\u00a0\u00a0\u00a0\u00a0\u00a0\u00a0\u00a0\u00a0\u00a0\u00a0\u00a0\u00a0\u00a0\u00a0\u00a0\u00a0\u00a0\u00a0\u00a0\u00a0\u00a0\u00a0<\/span><\/p>\n<p style=\"text-align: justify;\"><span style=\"color: #fa0430;\"><i>Cuadernos del Hipogrifo<\/i> es una revista de Literatura hispanoamericana afincada en Italia, de enfoque comparat\u00edstico y periodicidad bianual, que desde marzo de 2014 publica art\u00edculos cient\u00edficos, rese\u00f1as y trabajos de creaci\u00f3n de hispanoamericanistas de cualquier latitud (excepci\u00f3n hecha para la secci\u00f3n <b>CREACI\u00d3N<\/b>, la cual incluye poes\u00eda, narrativa, teatro o gui\u00f3n cinematogr\u00e1fico de autores de Espa\u00f1a e Hispanoam\u00e9rica con el objetivo de contribuir a su divulgaci\u00f3n).<\/span><\/p>\n<p style=\"text-align: justify;\"><span style=\"color: #fa0430;\">\u00a0\u00a0\u00a0\u00a0\u00a0 Dotada de un nutrido comit\u00e9 cient\u00edfico internacional, <i>Cuadernos del Hipogrifo<\/i> acepta indistintamente contribuciones en espa\u00f1ol o en italiano. Su prop\u00f3sito es el de proveer una plataforma de difusi\u00f3n de la literatura en lengua espa\u00f1ola producida en Am\u00e9rica Latina, con particular atenci\u00f3n a aquellas consideradas \u201cliteraturas menores\u201d del continente \u2013por su acotada penetraci\u00f3n editorial en los mercados internacionales o por su limitada inclusi\u00f3n en el canon literario mundial\u2013 aunque se admitir\u00e1n estudios sobre temas y autores de cualquier pa\u00eds hispanoamericano. <\/span><\/p>\n<p style=\"text-align: justify;\"><span style=\"color: #fa0430;\">Todos los trabajos que se reciban ser\u00e1n sometidos a una evaluaci\u00f3n de dos especialistas en el campo respectivo (mediante el procedimiento de <strong>double blind<\/strong>\u00a0\/ <strong>double<\/strong>\u00a0<strong>peer review<\/strong>). La revista se rige por la licencia de derechos de autor <strong>Creative Commons (atribuci\u00f3n CC BY)\u00a0<\/strong>y publicar en ella es <strong>gratuito.<\/strong>\u00a0Los autores <strong>conservan el copyright y el derecho de publicaci\u00f3n de los art\u00edculos enviados <\/strong>y la revista adhiere a los principios <strong>del Open Access.\u00a0<\/strong><\/span><\/p>\n<p style=\"text-align: justify;\"><span style=\"color: #fa0430;\">\u00a0\u00a0\u00a0\u00a0\u00a0 La secci\u00f3n <b>ART\u00cdCULOS<\/b> publica estudios especializados en literatura hispanoamericana (precolombina, colonial, moderna, contempor\u00e1nea). La secci\u00f3n <b>RESE\u00d1AS<\/b> admite recensiones de obras cr\u00edticas o de creaci\u00f3n publicadas en los tres a\u00f1os precedentes al <i>call for papers<\/i> en vigor. En el primer n\u00famero de <i>Cuadernos del Hipogrifo<\/i> ambas secciones ser\u00e1n de miscel\u00e1nea, con contribuciones de tema libre.<\/span><\/p>\n<p style=\"text-align: justify;\"><span style=\"color: #fa0430;\">\u00a0\u00a0\u00a0\u00a0\u00a0 Dos secciones se concentran en la comparat\u00edstica: <b>EL HIPOGRIFO HISP\u00c1NICO<\/b>, que publica estudios de literatura comparada entre Hispanoam\u00e9rica y Espa\u00f1a, y <b>EL HIPOGRIFO IT\u00c1LICO<\/b>, dedicado a divulgar estudios del mismo calibre, entre Hispanoam\u00e9rica e Italia. Aunque los or\u00edgenes de la literatura comparada se remontan al concepto de <i>Weltliteratur<\/i> acu\u00f1ado por Goethe en 1827, ser\u00e1 reci\u00e9n en el siglo XX cuando la perspectiva supranacional en el estudio de las influencias rec\u00edprocas entre las literaturas modernas adquirir\u00e1 un estatus de disciplina cient\u00edfica. La literatura comparada ser\u00e1 definida como el arte met\u00f3dico de acercar \u2013mediante la b\u00fasqueda de lazos de analog\u00eda, parentesco e influencia\u2013 los hechos y textos literarios entre s\u00ed, distantes o no en el tiempo o en el espacio, siempre que pertenezcan a varias lenguas o a varias culturas (Pichois y Rousseau, 1967). A ella competen los fen\u00f3menos de producci\u00f3n, circulaci\u00f3n y recepci\u00f3n que exceden y\/o interrelacionan los marcos de las literaturas nacionales (Dubatti, 2008). La literatura comparada se concibe como un lugar de convergencia de mundos a trav\u00e9s del cual podr\u00edamos llegar a entendernos en la diversidad (Gnisci, 2002), la cual posee tres centros de gravedad privilegiados: la traducci\u00f3n, el antiguo t\u00f3pico de la \u201cinfluencia\u201d, y los estudios tem\u00e1ticos (Steiner, 1995). En sinton\u00eda con estos principios, las secciones <b>EL HIPOGRIFO HISP\u00c1NICO<\/b> y <b>EL HIPOGRIFO IT\u00c1LICO<\/b> pretenden iluminar las relaciones, influencias, intercambios prol\u00edficos, testimonios, interacciones, analog\u00edas de contextos o de g\u00e9neros, recepci\u00f3n y efectos documentables entre el campo intelectual hispanoamericano y el de los dos pa\u00edses europeos citados.<\/span><\/p>\n<p style=\"text-align: justify;\"><span style=\"color: #fa0430;\">\u00a0\u00a0\u00a0\u00a0\u00a0 La secci\u00f3n <b>ESTUDIOS MARECHALIANOS<\/b> est\u00e1 destinada a profundizar en el conocimiento de la obra del escritor argentino Leopoldo Marechal (1900-1970) y a enriquecer el acervo bibliogr\u00e1fico sobre este autor.<\/span><\/p>\n<p style=\"text-align: justify;\"><span style=\"color: #fa0430;\">\u00a0<\/span><span style=\"color: #fa0430;\">\u00a0\u00a0\u00a0\u00a0\u00a0 El t\u00edtulo <i>Cuadernos del Hipogrifo<\/i> es un homenaje tr\u00edplice: al h\u00edbrido fant\u00e1stico reelaborado por Ludovico Ariosto en <i>Orlando Furioso<\/i> y resignificado\u00a0por Calder\u00f3n de la Barca\u00a0en <i>La vida es sue\u00f1o<\/i> que cruz\u00f3 el Atl\u00e1ntico\u00a0para renacer\u00a0fortalecido en el relato hom\u00f3nimo de Leopoldo Marechal.<\/span><span style=\"color: #fa0430;\">\u00a0<\/span><span style=\"color: #fa0430;\">\u00a0<\/span><span style=\"color: #fa0430;\"><i>\u00a0<\/i><\/span><\/p>\n<p style=\"text-align: center;\" align=\"center\"><span style=\"color: #fa0430;\">***<\/span><\/p>\n<p style=\"text-align: justify;\"><span style=\"color: #fa0430;\"><i>\u00a0\u00a0\u00a0\u00a0\u00a0 Cuadernos del Hipogrifo<\/i> \u00e8 una rivista di letteratura ispanoamericana con sede in Italia, di approccio comparatistico e periodicit\u00e0 biannuale, che a partire da marzo 2014 pubblicher\u00e0 articoli scientifici, recensioni e creazioni letterarie inedite di ispanoamericanisti di qualsiasi latitudine (far\u00e0 eccezione la sezione di <b>CREAZIONE<\/b>, che comprender\u00e0 poesia, narrativa, sceneggiature teatrali o cinematografiche solo di autori ispanoamericani con lo scopo di contribuire alla divulgazione della produzione artistica del continente ispanoamericano).<\/span><\/p>\n<p style=\"text-align: justify;\"><span style=\"color: #fa0430;\">\u00a0\u00a0\u00a0\u00a0\u00a0 Dotata di un composito comitato scientifico internazionale, <i>Cuadernos del Hipogrifo<\/i> accetta contributi in spagnolo o in italiano. L\u2019obiettivo della rivista \u00e8 quello di fornire una piattaforma per la diffusione della letteratura in lingua spagnola prodotta in America Latina, con particolare attenzione a quelle letterature del continente considerate \u00abminori\u00bb \u2013sia per la loro scarsa penetrazione commerciale nei mercati internazionali sia per la loro limitata inclusione nel canone letterario del mondo occidentale\u2013. Malgrado tale preferenza di natura geografico-culturale, saranno valutati anche studi su temi e autori di qualsiasi paese dell\u2019America Latina. <\/span><\/p>\n<p style=\"text-align: justify;\"><span style=\"color: #fa0430;\">Tutti i contributi ricevuti saranno sottoposti a una doppia valutazione che verr\u00e0 effettuata da specialisti dell\u2019ambito disciplinare nel quale si colloca il testo inviato (<strong>double blind<\/strong>\u00a0\/ <strong>double\u00a0peer review<\/strong>). La rivista utilizza la licenza dei diritti di autore conosciuta come <strong>Creative Commons (attribuzione CC-BY)<\/strong> e pubblica i contributi\u00a0 degli autori <strong>gratuitamente.<\/strong> Gli autori <strong>mantengono il copyright e il diritto di pubblicazione degli articoli e contributi da loro inviati. <\/strong>La rivista aderisce ai principi dell&#8217;<strong>Open Access.<\/strong><\/span><\/p>\n<p style=\"text-align: justify;\"><span style=\"color: #fa0430;\">\u00a0\u00a0\u00a0\u00a0\u00a0 La sezione <b>ARTICOLI<\/b> pubblica studi specializzati nella letteratura ispanoamericana (precolombiana, coloniale, moderna, contemporanea). La sezione <b>RECENSIONI<\/b> riceve giudizi, resoconti e analisi di testi scientifici o di creazione pubblicati nei tre anni precedenti al <i>call for papers<\/i> in vigore. Nel primo numero di <i>Cuadernos del Hipogrifo<\/i> entrambe le sezioni saranno <i>miscellanea<\/i>, con contributi ad argomento libero.<\/span><\/p>\n<p style=\"text-align: justify;\"><span style=\"color: #fa0430;\">\u00a0\u00a0\u00a0\u00a0\u00a0 Alla comparatistica saranno dedicate due sezioni: <b>L\u2019IPPOGRIFO ISPANICO<\/b>, che pubblica studi di letteratura comparata tra l\u2019America Latina e la Spagna, e <b>L\u2019IPPOGRIFO ITALICO<\/b>, area che la rivista dedica alla diffusione di ricerche analoghe concentrate nel confronto tra l\u2019Italia e l\u2019America Latina. Sebbene le origini della letteratura comparata risalgono al concetto di <i>Weltliteratur<\/i> coniato da Goethe nel 1827, sar\u00e0 solo nel XX secolo quando la prospettiva sovranazionale nello studio delle reciproche influenze tra letterature moderne acquister\u00e0 uno <i>status<\/i> di disciplina scientifica.<\/span><\/p>\n<p style=\"text-align: justify;\"><span style=\"color: #fa0430;\">\u00a0\u00a0\u00a0\u00a0\u00a0 La letteratura comparata viene definita come l&#8217;arte metodica di avvicinare \u2013mediante la ricerca di legami basati sull\u2019analogia, l\u2019affinit\u00e0 e le reciproche influenze\u2013 contenuti e testi letterari distanti o no nel tempo e\/o nello spazio, a condizione che appartengano a diverse lingue o culture (Pichois e Rousseau, 1967). Di tale approccio fanno parte quei fenomeni di produzione, circolazione e scambievole ricezione che superano le frontiere delle letterature nazionali (Dubatti, 2008). Gli studi comparatistici vengono progettati come un luogo di convergenza di mondi attraverso i quali si giunge alla reciproca comprensione nella diversit\u00e0 (Gnisci, 2002) e si basano su tre centri di gravit\u00e0 privilegiati: la traduzione, il consueto <i>clich\u00e9<\/i> della \u201cinfluenza mutua\u201d e gli studi tematici (Steiner, 1995). In linea con questi principi, <b>L\u2019IPPOGRIFO ISPANICO<\/b> e <b>L\u2019IPPOGRIFO ITALICO<\/b> aspirano a mettere in luce relazioni, influenze, scambi prolifici, testimonianze, interazioni, analogie di contesti o di genere, modalit\u00e0 di ricezione (con i rispettivi effetti) riscontrabili nell\u2019esame dei campi intellettuali ispanoamericano, spagnolo e italiano.<\/span><\/p>\n<p style=\"text-align: justify;\"><span style=\"color: #fa0430;\">\u00a0\u00a0\u00a0\u00a0\u00a0 La sezione <b>STUDI SU MARECHAL<\/b> \u00e8 destinata ad approfondire la conoscenza dell&#8217;opera dello scrittore argentino Leopoldo Marechal (1900-1970) e ad arricchire il patrimonio bibliografico sull\u2019autore.<\/span><\/p>\n<p style=\"text-align: justify;\"><span style=\"color: #fa0430;\">\u00a0<\/span><span style=\"color: #fa0430;\">\u00a0\u00a0\u00a0\u00a0\u00a0 Il nome <i>Cuadernos del Hipogrifo<\/i> vuol\u2019essere un triplo omaggio: all\u2019<i>alato corridor<\/i>, ibrido fantastico recuperato da Ludovico Ariosto nell&#8217;<i>Orlando Furioso<\/i>, alla rilettura che ne offre Calder\u00f3n de la Barca ne <i>La vida es sue\u00f1o<\/i> e alla versione moderna che, dall\u2019altro lato dell&#8217;Atlantico rinacque con rinnovata forza nel racconto omonimo di Leopoldo Marechal.<\/span><\/p>\n<p style=\"text-align: center;\"><span style=\"color: #f9053b;\">***<\/span><\/p>\n<\/blockquote>\n<h5 style=\"text-align: center;\"><span style=\"color: #ff6600;\"><em>CdH est\u00e1 indexada en las siguientes bases de datos: Latindex, Redial, Ceisal, Road, Hispanismo Cervantes.<\/em><\/span><\/h5>\n<h5 style=\"text-align: center;\"><span style=\"color: #ff6600;\">\u00a0<\/span><\/h5>\n<h5 style=\"text-align: center;\"><span style=\"color: #ff6600;\"><em>CdH forma parte de Latinoamericana. Asociaci\u00f3n de revistas acad\u00e9micas de humanidades y ciencias sociales<\/em><\/span><\/h5>\n","protected":false},"excerpt":{"rendered":"<p>\u00a0ISSN\u00a02420-918X \u00a0\u00a0Asignaci\u00f3n ISSN\u00a0 \u00a0\u00a0\u00a0\u00a0\u00a0\u00a0\u00a0\u00a0\u00a0\u00a0\u00a0\u00a0\u00a0\u00a0\u00a0\u00a0\u00a0\u00a0\u00a0\u00a0\u00a0\u00a0\u00a0\u00a0\u00a0\u00a0\u00a0\u00a0\u00a0\u00a0\u00a0\u00a0\u00a0\u00a0\u00a0\u00a0\u00a0\u00a0\u00a0\u00a0\u00a0\u00a0\u00a0\u00a0\u00a0\u00a0\u00a0\u00a0\u00a0\u00a0\u00a0\u00a0\u00a0\u00a0\u00a0\u00a0\u00a0\u00a0\u00a0\u00a0\u00a0\u00a0\u00a0\u00a0\u00a0\u00a0\u00a0\u00a0\u00a0\u00a0\u00a0\u00a0\u00a0\u00a0\u00a0\u00a0\u00a0\u00a0\u00a0\u00a0\u00a0\u00a0\u00a0\u00a0\u00a0\u00a0\u00a0\u00a0\u00a0\u00a0\u00a0\u00a0\u00a0\u00a0\u00a0\u00a0\u00a0\u00a0\u00a0\u00a0\u00a0\u00a0\u00a0\u00a0\u00a0\u00a0\u00a0\u00a0\u00a0\u00a0\u00a0\u00a0\u00a0\u00a0\u00a0\u00a0\u00a0\u00a0\u00a0\u00a0\u00a0\u00a0\u00a0\u00a0\u00a0\u00a0\u00a0\u00a0\u00a0\u00a0\u00a0\u00a0\u00a0\u00a0\u00a0\u00a0 Cuadernos del Hipogrifo es una revista de Literatura hispanoamericana afincada en Italia, de enfoque comparat\u00edstico y periodicidad bianual, que desde marzo de 2014 publica art\u00edculos cient\u00edficos, rese\u00f1as y trabajos de creaci\u00f3n de hispanoamericanistas de cualquier latitud &hellip; <a href=\"http:\/\/www.revistaelhipogrifo.com\/?page_id=2\">Sigue leyendo <span class=\"meta-nav\">&rarr;<\/span><\/a><\/p>\n","protected":false},"author":76,"featured_media":0,"parent":0,"menu_order":0,"comment_status":"closed","ping_status":"closed","template":"","meta":[],"yoast_head":"<!-- This site is optimized with the Yoast SEO plugin v14.8 - https:\/\/yoast.com\/wordpress\/plugins\/seo\/ -->\n<title>Revista El Hipogrifo - P\u00e1gina Principal<\/title>\n<meta name=\"robots\" content=\"index, follow\" \/>\n<meta name=\"googlebot\" content=\"index, follow, max-snippet:-1, max-image-preview:large, max-video-preview:-1\" \/>\n<meta name=\"bingbot\" content=\"index, follow, max-snippet:-1, max-image-preview:large, max-video-preview:-1\" \/>\n<link rel=\"canonical\" href=\"http:\/\/www.revistaelhipogrifo.com\/?page_id=2\" \/>\n<meta property=\"og:locale\" content=\"es_ES\" \/>\n<meta property=\"og:type\" content=\"article\" \/>\n<meta property=\"og:title\" content=\"Revista El Hipogrifo - P\u00e1gina Principal\" \/>\n<meta property=\"og:description\" content=\"\u00a0ISSN\u00a02420-918X \u00a0\u00a0Asignaci\u00f3n ISSN\u00a0 \u00a0\u00a0\u00a0\u00a0\u00a0\u00a0\u00a0\u00a0\u00a0\u00a0\u00a0\u00a0\u00a0\u00a0\u00a0\u00a0\u00a0\u00a0\u00a0\u00a0\u00a0\u00a0\u00a0\u00a0\u00a0\u00a0\u00a0\u00a0\u00a0\u00a0\u00a0\u00a0\u00a0\u00a0\u00a0\u00a0\u00a0\u00a0\u00a0\u00a0\u00a0\u00a0\u00a0\u00a0\u00a0\u00a0\u00a0\u00a0\u00a0\u00a0\u00a0\u00a0\u00a0\u00a0\u00a0\u00a0\u00a0\u00a0\u00a0\u00a0\u00a0\u00a0\u00a0\u00a0\u00a0\u00a0\u00a0\u00a0\u00a0\u00a0\u00a0\u00a0\u00a0\u00a0\u00a0\u00a0\u00a0\u00a0\u00a0\u00a0\u00a0\u00a0\u00a0\u00a0\u00a0\u00a0\u00a0\u00a0\u00a0\u00a0\u00a0\u00a0\u00a0\u00a0\u00a0\u00a0\u00a0\u00a0\u00a0\u00a0\u00a0\u00a0\u00a0\u00a0\u00a0\u00a0\u00a0\u00a0\u00a0\u00a0\u00a0\u00a0\u00a0\u00a0\u00a0\u00a0\u00a0\u00a0\u00a0\u00a0\u00a0\u00a0\u00a0\u00a0\u00a0\u00a0\u00a0\u00a0\u00a0\u00a0\u00a0\u00a0\u00a0\u00a0\u00a0\u00a0 Cuadernos del Hipogrifo es una revista de Literatura hispanoamericana afincada en Italia, de enfoque comparat\u00edstico y periodicidad bianual, que desde marzo de 2014 publica art\u00edculos cient\u00edficos, rese\u00f1as y trabajos de creaci\u00f3n de hispanoamericanistas de cualquier latitud &hellip; Sigue leyendo &rarr;\" \/>\n<meta property=\"og:url\" content=\"http:\/\/www.revistaelhipogrifo.com\/?page_id=2\" \/>\n<meta property=\"og:site_name\" content=\"Cuadernos del Hipogrifo\" \/>\n<meta property=\"article:modified_time\" content=\"2019-02-05T00:20:16+00:00\" \/>\n<script type=\"application\/ld+json\" class=\"yoast-schema-graph\">{\"@context\":\"https:\/\/schema.org\",\"@graph\":[{\"@type\":\"WebSite\",\"@id\":\"http:\/\/www.revistaelhipogrifo.com\/#website\",\"url\":\"http:\/\/www.revistaelhipogrifo.com\/\",\"name\":\"Cuadernos del Hipogrifo\",\"description\":\"REVISTA SEMESTRAL DE LITERATURA HISPANOAMERICANA Y COMPARADA\",\"potentialAction\":[{\"@type\":\"SearchAction\",\"target\":\"http:\/\/www.revistaelhipogrifo.com\/?s={search_term_string}\",\"query-input\":\"required name=search_term_string\"}],\"inLanguage\":\"es\"},{\"@type\":\"WebPage\",\"@id\":\"http:\/\/www.revistaelhipogrifo.com\/?page_id=2#webpage\",\"url\":\"http:\/\/www.revistaelhipogrifo.com\/?page_id=2\",\"name\":\"Revista El Hipogrifo - P\\u00e1gina Principal\",\"isPartOf\":{\"@id\":\"http:\/\/www.revistaelhipogrifo.com\/#website\"},\"datePublished\":\"2013-04-09T15:11:29+00:00\",\"dateModified\":\"2019-02-05T00:20:16+00:00\",\"inLanguage\":\"es\",\"potentialAction\":[{\"@type\":\"ReadAction\",\"target\":[\"http:\/\/www.revistaelhipogrifo.com\/?page_id=2\"]}]}]}<\/script>\n<!-- \/ Yoast SEO plugin. -->","_links":{"self":[{"href":"http:\/\/www.revistaelhipogrifo.com\/index.php?rest_route=\/wp\/v2\/pages\/2"}],"collection":[{"href":"http:\/\/www.revistaelhipogrifo.com\/index.php?rest_route=\/wp\/v2\/pages"}],"about":[{"href":"http:\/\/www.revistaelhipogrifo.com\/index.php?rest_route=\/wp\/v2\/types\/page"}],"author":[{"embeddable":true,"href":"http:\/\/www.revistaelhipogrifo.com\/index.php?rest_route=\/wp\/v2\/users\/76"}],"replies":[{"embeddable":true,"href":"http:\/\/www.revistaelhipogrifo.com\/index.php?rest_route=%2Fwp%2Fv2%2Fcomments&post=2"}],"version-history":[{"count":54,"href":"http:\/\/www.revistaelhipogrifo.com\/index.php?rest_route=\/wp\/v2\/pages\/2\/revisions"}],"predecessor-version":[{"id":1681,"href":"http:\/\/www.revistaelhipogrifo.com\/index.php?rest_route=\/wp\/v2\/pages\/2\/revisions\/1681"}],"wp:attachment":[{"href":"http:\/\/www.revistaelhipogrifo.com\/index.php?rest_route=%2Fwp%2Fv2%2Fmedia&parent=2"}],"curies":[{"name":"wp","href":"https:\/\/api.w.org\/{rel}","templated":true}]}}