{"id":29,"date":"2013-04-09T23:51:42","date_gmt":"2013-04-09T21:51:42","guid":{"rendered":"http:\/\/revistaelhipogrifo.com\/?page_id=29"},"modified":"2024-02-21T20:49:28","modified_gmt":"2024-02-21T19:49:28","slug":"envios","status":"publish","type":"page","link":"https:\/\/www.revistaelhipogrifo.com\/?page_id=29","title":{"rendered":"Env\u00edos"},"content":{"rendered":"<p style=\"text-align: right;\"><span style=\"color: #ffffff;\"><em><strong>ISSN 2420-918X<\/strong><\/em><\/span><!--more--><\/p>\n<p><span style=\"color: #ffff99;\"><strong>Cuadernos del Hipogrifo <em>por el momento no recibe contribuciones para los pr\u00f3ximos n\u00fameros<\/em><\/strong><\/span><\/p>\n<p><em>Petici\u00f3n de contribuciones \/ Call for papers. N\u00famero\u00a0 20 \u2013\u00a0 secondo semestre 2023: \u00a0Descargar en PDF: <a href=\"https:\/\/www.revistaelhipogrifo.com\/wp-content\/uploads\/2023\/11\/Peticion-de-contribuciones-20-Cuadernos-del-Hipogrifo-2.pdf\">Petici\u00f3n de contribuciones 20 &#8211; Cuadernos del Hipogrifo<\/a><\/em><\/p>\n<p><em>Petici\u00f3n de contribuciones \/ Call for papers. N\u00famero\u00a0 19 \u2013\u00a0 primer semestre 2023: \u00a0Descargar en PDF: <\/em><em><span style=\"color: #e3144b;\"><a href=\"http:\/\/www.revistaelhipogrifo.com\/wp-content\/uploads\/2023\/05\/Peticion-de-contribuciones-19-Cuadernos-del-Hipogrifo.pdf\">Petici\u00f3n de contribuciones 19 &#8211; Cuadernos del Hipogrifo<\/a><\/span><\/em><\/p>\n<p><em><span style=\"color: #e3144b;\">El n\u00famero 18 estar\u00e1 dedicado a un especial sobre di\u00e1logos literarios Argentina-Italia.<\/span>\u00a0<\/em><\/p>\n<p><em>Petici\u00f3n de contribuciones \/ Call for papers. N\u00famero\u00a0 17 \u2013\u00a0 primer semestre 2022: \u00a0Descargar en PDF: <a href=\"http:\/\/www.revistaelhipogrifo.com\/wp-content\/uploads\/2022\/01\/Peticion-de-contribuciones-17-Cuadernos-del-Hipogrifo-2.pdf\">Petici\u00f3n de contribuciones 17 &#8211; Cuadernos del Hipogrifo<\/a><\/em><\/p>\n<p><em>Petici\u00f3n de contribuciones \/ Call for papers. N\u00famero\u00a0 16 \u2013\u00a0 segundo semestre 2021: \u00a0Descargar en PDF: <a href=\"http:\/\/www.revistaelhipogrifo.com\/wp-content\/uploads\/2021\/08\/Peticion-de-contribuciones-16-Cuadernos-del-Hipogrifo-5.pdf\">Petici\u00f3n de contribuciones 16 &#8211; Cuadernos del Hipogrifo<\/a><\/em><\/p>\n<p><em>Petici\u00f3n de contribuciones \/ Call for papers. N\u00famero\u00a0 15 \u2013\u00a0 primer semestre 2021: \u00a0Descargar en PDF: <a href=\"http:\/\/www.revistaelhipogrifo.com\/wp-content\/uploads\/2021\/04\/Peticion-de-contribuciones-15-Cuadernos-del-Hipogrifo.pdf\">Petici\u00f3n de contribuciones 15 &#8211; Cuadernos del Hipogrifo<\/a><\/em><\/p>\n<p><span style=\"color: #e3144b;\"><em>El n\u00famero 14 estar\u00e1 dedicado a un especial sobre Leopoldo Marechal. Solamente se recibir\u00e1n rese\u00f1as externas de libros del\/sobre este autor hasta el 15\/10\/2020.\u00a0\u00a0<\/em><\/span><\/p>\n<p><em>Petici\u00f3n de contribuciones \/ Call for papers. N\u00famero\u00a0 13 \u2013\u00a0 primer semestre 2020: \u00a0Descargar en PDF: <a href=\"http:\/\/www.revistaelhipogrifo.com\/wp-content\/uploads\/2020\/02\/Petici\u00f3n-de-contribuciones-13-Cuadernos-del-Hipogrifo.pdf\">Petici\u00f3n de contribuciones 13 &#8211; Cuadernos del Hipogrifo<\/a><\/em><\/p>\n<p><em>Petici\u00f3n de contribuciones \/ Call for papers. N\u00famero\u00a0 12 \u2013\u00a0 segundo semestre 2019: \u00a0Descargar en PDF: <a href=\"http:\/\/www.revistaelhipogrifo.com\/wp-content\/uploads\/2019\/10\/Petici\u00f3n-de-contribuciones-12-Cuadernos-del-Hipogrifo.pdf\">Petici\u00f3n de contribuciones 12 &#8211; Cuadernos del Hipogrifo<\/a><\/em><\/p>\n<p><em>Petici\u00f3n de contribuciones \/ Call for papers. N\u00famero\u00a0 11 \u2013\u00a0 primer semestre 2019: \u00a0Descargar en PDF: <a href=\"http:\/\/www.revistaelhipogrifo.com\/wp-content\/uploads\/2019\/03\/Petici\u00f3n-de-contribuciones-11-Cuadernos-del-Hipogrifo.pdf\">Petici\u00f3n de contribuciones 11 &#8211; Cuadernos del Hipogrifo<\/a><\/em><\/p>\n<p><em>Petici\u00f3n de contribuciones \/ Call for papers.\u00a0N\u00famero\u00a0 10 \u2013\u00a0 segundo semestre 2018: \u00a0Descargar en PDF:\u00a0<a href=\"http:\/\/www.revistaelhipogrifo.com\/wp-content\/uploads\/2018\/10\/Petici\u00f3n-de-contribuciones-10-Cuadernos-del-Hipogrifo-SOLO-RESE\u00d1AS-Y-ENTREVISTAS.pdf\">Petici\u00f3n de contribuciones 10 &#8211; Cuadernos del Hipogrifo &#8211; SOLO RESE\u00d1AS Y ENTREVISTAS<\/a><\/em><\/p>\n<p><em>Petici\u00f3n de contribuciones \/ Call for papers.\u00a0N\u00famero\u00a0 9 \u2013\u00a0 primer semestre 2018: \u00a0Descargar en PDF:\u00a0<a href=\"http:\/\/www.revistaelhipogrifo.com\/wp-content\/uploads\/2018\/04\/Petici\u00f3n-de-contribuciones-9-Cuadernos-del-Hipogrifo.pdf\">Petici\u00f3n de contribuciones 9 &#8211; Cuadernos del Hipogrifo<\/a><\/em><\/p>\n<p><em>Petici\u00f3n de contribuciones \/ Call for papers.\u00a0N\u00famero\u00a0 8 \u2013 \u00a0segundo semestre 2017: \u00a0Descargar en PDF:\u00a0<span style=\"color: #33cccc;\"><a href=\"http:\/\/www.revistaelhipogrifo.com\/wp-content\/uploads\/2013\/04\/Petici\u00f3n-de-contribuciones-8-Cuadernos-del-Hipogrifo.pdf\">Petici\u00f3n de contribuciones 8 &#8211; Cuadernos del Hipogrifo<\/a><\/span><\/em><\/p>\n<p><em>Petici\u00f3n de contribuciones \/ Call for papers.\u00a0N\u00famero \u00a07 \u2013 \u00a0primer semestre 2017: \u00a0Descargar en PDF:\u00a0<span style=\"color: #00ccff;\"><a href=\"http:\/\/www.revistaelhipogrifo.com\/wp-content\/uploads\/2013\/04\/Petici\u00f3n-de-contribuciones-7-Cuadernos-del-Hipogrifo.pdf\">Petici\u00f3n de contribuciones 7 Cuadernos del Hipogrifo<\/a><\/span><\/em><\/p>\n<p><em>Petici\u00f3n de contribuciones \/ Call for papers.\u00a0N\u00famero\u00a0\u00a06 \u2013\u00a0\u00a0segundo semestre 2016: \u00a0Descargar en PDF: <span style=\"color: #00ccff;\"><a href=\"http:\/\/www.revistaelhipogrifo.com\/wp-content\/uploads\/2013\/04\/Petici\u00f3n-de-contribuciones-6-Cuadernos-del-Hipogrifo-6.pdf\">Petici\u00f3n de contribuciones 6 &#8211; Cuadernos del Hipogrifo<\/a><\/span><\/em><\/p>\n<p><i><em>Petici\u00f3n de contribuciones \/ Call for papers.\u00a0N\u00famero\u00a0\u00a05 \u2013\u00a0\u00a0primer semestre 2016: \u00a0Descargar en PDF:\u00a0<span style=\"color: #00ccff;\"><a href=\"http:\/\/www.revistaelhipogrifo.com\/wp-content\/uploads\/2013\/04\/Petici\u00f3n-de-contribuciones-5-Cuadernos-del-Hipogrifo-1.pdf\" rel=\"\">Petici\u00f3n de contribuciones 5 &#8211; Cuadernos del Hipogrifo<\/a><\/span><\/em><\/i><\/p>\n<p><i>Petici\u00f3n de contribuciones \/ Call for papers.\u00a0<i>N<\/i><i>\u00fame<\/i><i>ro \u00a04 \u2013 \u00a0segundo semestre 2015: \u00a0<\/i><i>Descargar en PDF:\u00a0<span style=\"color: #00ccff;\"><a href=\"http:\/\/www.revistaelhipogrifo.com\/wp-content\/uploads\/2013\/04\/Petici\u00f3n-de-contribuciones-4-Cuadernos-del-Hipogrifo.pdf\">Petici\u00f3n de contribuciones 4 &#8211; Cuadernos del Hipogrifo<\/a><\/span><\/i><\/i><\/p>\n<p><i>Petici\u00f3n de contribuciones \/ Call for papers.\u00a0<\/i><i>N<\/i><i>\u00fame<\/i><i>ro \u00a03 \u2013 \u00a0primer semestre 2015: \u00a0<\/i><i>Descargar en PDF:\u00a0<span style=\"color: #00ccff;\"><a href=\"http:\/\/www.revistaelhipogrifo.com\/wp-content\/uploads\/2013\/04\/Petici\u00f3n-de-contribuciones-3-Cuadernos-del-Hipogrifo.pdf\">Petici\u00f3n de contribuciones 3 &#8211; Cuadernos del Hipogrifo<\/a><\/span><\/i><\/p>\n<p><i>Petici\u00f3n de contribuciones \/ Call for papers.\u00a0<\/i><i>N<\/i><i>\u00fame<\/i><i>ro \u00a02 \u2013 \u00a0segundo semestre 2014: \u00a0<\/i><i>Descargar en PDF:\u00a0<span style=\"color: #00ccff;\"><a href=\"http:\/\/www.revistaelhipogrifo.com\/wp-content\/uploads\/2013\/04\/Petici\u00f3n-de-contribuciones-2-Cuadernos-del-Hipogrifo3.pdf\">Petici\u00f3n de contribuciones 2 &#8211; Cuadernos del Hipogrifo<\/a><\/span><a href=\"http:\/\/www.revistaelhipogrifo.com\/wp-content\/uploads\/2013\/04\/Petici\u00f3n-de-contribuciones-2-Cuadernos-del-Hipogrifo1.pdf\"><br \/><\/a><\/i><\/p>\n<p><i>Petici\u00f3n de contribuciones \/ Call for papers.\u00a0<\/i><i>N<\/i><i>\u00fame<\/i><i>ro\u00a0 1 \u2013 \u00a0primer semestre 2014: \u00a0<\/i><i>Descargar en PDF:\u00a0<span style=\"color: #00ccff;\"><a href=\"http:\/\/www.revistaelhipogrifo.com\/wp-content\/uploads\/2013\/04\/Petici\u00f3n-de-contribuciones-1-Cuadernos-del-Hipogrifo2.pdf\">Petici\u00f3n de contribuciones 1 &#8211; Cuadernos del Hipogrifo<\/a><\/span><a href=\"http:\/\/www.revistaelhipogrifo.com\/wp-content\/uploads\/2013\/04\/CUADERNOS-DEL-HIPOGRIFO-CALL-FOR-PAPERS-spagnolo-italiano1.pdf\"><br \/><\/a><\/i><\/p>\n<p align=\"center\"><span style=\"color: #f70745;\"><strong>DIRECTRICES PARA LA REDACCI\u00d3N<\/strong><\/span><\/p>\n<p style=\"text-align: justify;\"><span style=\"color: #f70745;\">1)\u00a0\u00a0 Las contribuciones, de car\u00e1cter in\u00e9dito, se enviar\u00e1n por correo electr\u00f3nico a la direcci\u00f3n <a href=\"mailto:editor@revistaelhipogrifo.com\"><span style=\"color: #f70745;\">editor@revistaelhipogrifo.com<\/span><\/a>\u00a0<\/span><\/p>\n<p style=\"text-align: justify;\"><span style=\"color: #f70745;\">2)\u00a0\u00a0 En el asunto se especificar\u00e1 a qu\u00e9 secci\u00f3n se dirige la contribuci\u00f3n (<b>ART\u00cdCULOS, RESE\u00d1AS, CREACI\u00d3N, ESTUDIOS MARECHALIANOS, EL HIPOGRIFO HISP\u00c1NICO, EL HIPOGRIFO IT\u00c1LICO<\/b>)<\/span><\/p>\n<p style=\"text-align: justify;\"><span style=\"color: #f70745;\">3)\u00a0\u00a0 Se recibir\u00e1n contribuciones en <b>espa\u00f1ol<\/b> o en <b>italiano<\/b>, con un resumen de hasta 150 palabras acompa\u00f1ado de 4-5 palabras clave y del t\u00edtulo tanto en la lengua elegida como en <b>ingl\u00e9s<\/b>.<\/span><\/p>\n<p style=\"text-align: justify;\"><span style=\"color: #f70745;\">4)\u00a0\u00a0 Seguido del t\u00edtulo se indicar\u00e1n <b>nombre<\/b>, <b>apellido,<\/b> <b>filiaci\u00f3n institucional<\/b> y correo electr\u00f3nico del autor.\u00a0<\/span><\/p>\n<p style=\"text-align: justify;\"><span style=\"color: #f70745;\">5)\u00a0\u00a0 Al final de la contribuci\u00f3n deber\u00e1 figurar un <b>breve perfil bio-bibliogr\u00e1fico<\/b> del autor (m\u00e1ximo 8-10\u00a0 l\u00edneas).<\/span><\/p>\n<p style=\"text-align: justify;\"><span style=\"color: #f70745;\">6)\u00a0\u00a0 La fuente tipogr\u00e1fica ser\u00e1 <b>Cambria 12<\/b> para el cuerpo del texto y <b>Cambria 10<\/b> para las notas explicativas a pie de p\u00e1gina.<\/span><\/p>\n<p style=\"text-align: justify;\"><span style=\"color: #f70745;\">7)\u00a0\u00a0 La extensi\u00f3n m\u00e1xima de los art\u00edculos ser\u00e1 de <b>15 p\u00e1ginas tama\u00f1o A4<\/b> en <b>interlineado a espacio 1,5<\/b> \u2013incluidas las notas al pie\u2013, con m\u00e1rgenes justificados y <b>sangr\u00eda <\/b>a inicio de p\u00e1rrafo.\u00a0<\/span><\/p>\n<p style=\"text-align: justify;\"><span style=\"color: #f70745;\">8)\u00a0\u00a0 Las citas breves (1-3 l\u00edneas) aparecer\u00e1n en el texto entre <b>comillas bajas dobles<\/b> (\u00ab \u00bb). Las <b>citas m\u00e1s extensas<\/b> ser\u00e1n antecedidas y seguidas de un espacio en blanco y se colocar\u00e1n con m\u00e1rgenes de 1 cm. a derecha e izquierda respecto del margen del resto del art\u00edculo. Las palabras extranjeras se colocar\u00e1n en <b>cursivas<\/b>.<\/span><\/p>\n<p style=\"text-align: justify;\"><span style=\"color: #f70745;\">9)\u00a0\u00a0 Las <b>RESE\u00d1AS<\/b> tendr\u00e1n una extensi\u00f3n m\u00e1xima de 2 p\u00e1ginas y carecer\u00e1n de notas al pie. Se recomienda el env\u00edo de las <b>im\u00e1genes de tapa y contratapa<\/b> del libro rese\u00f1ado para ser incluidas como paratextos de la recensi\u00f3n. Los env\u00edos de <b>CREACI\u00d3N <\/b>carecen de restricciones de extensi\u00f3n.<\/span><\/p>\n<p style=\"text-align: justify;\"><span style=\"color: #f70745;\">Para las dem\u00e1s secciones se respetar\u00e1n las siguientes <b>normas de citaci\u00f3n<\/b>:<\/span><\/p>\n<p style=\"text-align: justify;\"><span style=\"color: #f70745;\">Los llamados a pie de p\u00e1gina se reservan para las <b>notas explicativas<\/b>. Para las citas bibliogr\u00e1ficas se colocar\u00e1 la fuente entre par\u00e9ntesis con reenv\u00edo a la secci\u00f3n bibliogr\u00e1fica final:<\/span><\/p>\n<p style=\"text-align: justify;\"><span style=\"color: #f70745;\">\u00danico autor, \u00fanica obra: (A\u00ednsa, F. 2008: 62), (A\u00ednsa, F. 2008: 62-65).<\/span><\/p>\n<p style=\"text-align: justify;\"><span style=\"color: #f70745;\">M\u00e1s obras del mismo autor y del mismo a\u00f1o (A\u00ednsa, F. 2008a, 2008b).<\/span><\/p>\n<p style=\"text-align: justify;\"><span style=\"color: #f70745;\">Obras recogidas por un coordinador, compilador o curador: (De Navascu\u00e9s, J. 2002)<\/span><\/p>\n<p style=\"text-align: justify;\"><span style=\"color: #f70745;\">Obras de m\u00e1s de un autor: (Toro V. \u2013 Schlickers S. 2010). Si fueran m\u00e1s autores, se indicar\u00e1 solamente el primer nombre seguido de <i>et.al<\/i>., aunque en la bibliograf\u00eda final deber\u00e1n aparecer todos.<\/span><\/p>\n<p style=\"text-align: justify;\"><span style=\"color: #f70745;\"><b>Bibliograf\u00eda final<\/b>:<\/span><\/p>\n<p style=\"text-align: justify;\"><span style=\"color: #f70745;\"><i>A) Libros<\/i><\/span><\/p>\n<p style=\"text-align: justify;\"><span style=\"color: #f70745;\">Manzoni C., <i>Vanguardistas en su tinta. Documentos de la vanguardia en Am\u00e9rica Latina<\/i>, Buenos Aires, Corregidor, 2007.<\/span><\/p>\n<p style=\"text-align: justify;\"><span style=\"color: #f70745;\"><i>B) Obras colectivas (actas, antolog\u00edas, etc.)<\/i><\/span><\/p>\n<p style=\"text-align: justify;\"><span style=\"color: #f70745;\">Bravo Herrera F. E., <i>Dante, Valli y Marechal: Fedeli d\u2019Amore en di\u00e1logo<\/i>, en Nicola Bottiglieri et. al. (compilador), <i>Dante en Am\u00e9rica Latina. <\/i><i>Actas Primer Congreso Internacional sobre Dante Alighieri en Latinoam\u00e9rica (Salta, 4-8 de octubre de 2004)<\/i>, Ercolano, Edizioni dell\u2019Universit\u00e0 degli Studi di Cassino\u2013ICoN, 2007, pp. 285-297.<\/span><\/p>\n<p style=\"text-align: justify;\"><span style=\"color: #f70745;\"><i>C) Art\u00edculos en peri\u00f3dicos<\/i><\/span><\/p>\n<p style=\"text-align: justify;\"><span style=\"color: #f70745;\">Dom\u00ednguez C. M., <i>Onetti<\/i>, \u201cEl int\u00e9rprete\u201d, a. 2, n. 8, 2007, pp. 25-34.<\/span><\/p>\n<p style=\"text-align: justify;\"><span style=\"color: #f70745;\"><i>D) Fuentes electr\u00f3nicas<\/i><\/span><\/p>\n<p style=\"text-align: justify;\"><span style=\"color: #f70745;\">Albarado J. C., <i>Hugo Burel en la arena,<\/i> http:\/\/www.elboulevard. com.uy\/<span style=\"text-decoration: underline;\">portal\/letras\/193-hugo-burel-en-la-arena.html<\/span> (12\/08\/2010)\u00a0<\/span><\/p>\n<p align=\"center\"><span style=\"color: #f70745;\">***<\/span><\/p>\n<p align=\"center\"><span style=\"color: #f70745;\"><strong>NORME REDAZIONALI<\/strong><\/span><\/p>\n<p style=\"text-align: justify;\"><span style=\"color: #f70745;\">1)\u00a0\u00a0 I contributi, di carattere inedito, saranno inviati per posta elettronica all\u2019indirizzo <a href=\"mailto:editor@revistaelhipogrifo.com\"><span style=\"color: #f70745;\">editor@revistaelhipogrifo.com<\/span><\/a>\u00a0<\/span><\/p>\n<p style=\"text-align: justify;\"><span style=\"color: #f70745;\">2)\u00a0\u00a0 Nell\u2019oggetto dell\u2019email verr\u00e0 specificato in quale sezione si vorrebbe inserire il proprio testo (<b>ARTICOLI, RICENSIONI, CREAZIONE, STUDI SU MARECHAL, L\u2019IPPOGRIFO ISPANICO, L\u2019IPPOGRIFO ITALICO<\/b>).<\/span><\/p>\n<p style=\"text-align: justify;\"><span style=\"color: #f70745;\">3)\u00a0\u00a0 <i>Cuadernos del Hipogrifo<\/i> riceve contributi in <b>spagnolo<\/b> o in <b>italiano<\/b>, con un <i>abstract<\/i> fino a un massimo di 150 parole accompagnato da 4-5 parole chiave nella lingua di composizione e anche in <b>inglese<\/b>.\u00a0<\/span><\/p>\n<p style=\"text-align: justify;\"><span style=\"color: #f70745;\">4)\u00a0\u00a0 Subito dopo il titolo del contributo si indicheranno <b>nome, cognome,<\/b> <b>ente di appartenenza<\/b> ed <b>e-mail di riferimento<\/b>.<\/span><\/p>\n<p style=\"text-align: justify;\"><span style=\"color: #f70745;\">5)\u00a0\u00a0 Il <i>file<\/i> sar\u00e0 completato da un breve <b>profilo biobibliografico<\/b> da pubblicare in coda al contributo (fino a un massimo di 8-10 righe).<\/span><\/p>\n<p style=\"text-align: justify;\"><span style=\"color: #f70745;\">6)\u00a0\u00a0 Il tipo di carattere sar\u00e0 <b>Cambria 12<\/b> per il testo principale e <b>Cambria 10<\/b> per le note esplicative a fondo pagina.<\/span><\/p>\n<p style=\"text-align: justify;\"><span style=\"color: #f70745;\">7)\u00a0\u00a0 La lunghezza massima degli articoli sar\u00e0 di <b>15 pagine <\/b>in<b> dimensione A4, interlinea 1,5 <\/b>\u2013anche per le note a calce\u2013 con <b>allineamento giustificato<\/b> e <b>rientro <\/b>per l\u2019inizio di paragrafo.\u00a0<\/span><\/p>\n<p style=\"text-align: justify;\"><span style=\"color: #f70745;\">8)\u00a0\u00a0 Le <b>citazioni brevi<\/b> (fino a 3 righe) compaiono nel testo tra <b>virgolette basse doppie<\/b> (\u00ab \u00bb). Le <b>citazioni pi\u00f9 lunghe<\/b> sono precedute e seguite da una riga vuota, con un rientro a sinistra e destra di 1 cm. rispetto al margine. Le parole straniere compaiono in <b>corsivo<\/b>.<\/span><\/p>\n<p style=\"text-align: justify;\"><span style=\"color: #f70745;\">9)\u00a0\u00a0 Le <b>RECENSIONI<\/b> potranno avere una lunghezza massima di 2 pagine, senza note a calce. Si consiglia di inviare le <b>immagini di copertina e contro copertina<\/b> del libro esaminato, in modo tale da inserirle come \u201cparatesti iconici\u201d. I contributi per la sezione di <b>CREAZIONE<\/b> non hanno limiti di lunghezza.<\/span><\/p>\n<p style=\"text-align: justify;\"><span style=\"color: #f70745;\">Per il resto delle sezioni si dovr\u00e0 rispettare la seguente normativa redazionale:<\/span><\/p>\n<p style=\"text-align: justify;\"><span style=\"color: #f70745;\">Le note a fondo pagine sono riservate alle note esplicative. Per le citazioni bibliografiche si collocher\u00e0 la fonte citata tra parentesi nel testo, rimandando alla sezione bibliografica finale, come da esempi:<\/span><\/p>\n<p style=\"text-align: justify;\"><span style=\"color: #f70745;\">Unico\u00a0autore, unica opera: (A\u00ednsa, F. 2008: 62), (A\u00ednsa, F. 2008: 62-65).<\/span><\/p>\n<p style=\"text-align: justify;\"><span style=\"color: #f70745;\">Pi\u00f9\u00a0opere dello stesso autore e dello stesso anno: (A\u00ednsa, F. 2008a, 2008b).<\/span><\/p>\n<p style=\"text-align: justify;\"><span style=\"color: #f70745;\">Opere\u00a0predisposte da un curatore o coordinatore: (De Navascu\u00e9s, J. 2002)<\/span><\/p>\n<p style=\"text-align: justify;\"><span style=\"color: #f70745;\">Opere di pi\u00f9 autori: Obras de m\u00e1s de un autor: \u00a0\u00a0\u00a0\u00a0 (Toro V. \u2013 Schlickers S. 2010). Nel\u00a0\u00a0\u00a0 caso di pi\u00f9 di tre autori, nel richiamo sar\u00e0 indicato solo il primo autore \u00a0\u00a0\u00a0\u00a0 seguito da <i>et al.<\/i> mentre nella bibliografia dovranno comparire tutti.<\/span><\/p>\n<p style=\"text-align: justify;\"><span style=\"color: #f70745;\"><b>Bibliografia finale<\/b>:<\/span><\/p>\n<p style=\"text-align: justify;\"><span style=\"color: #f70745;\">\u00a0A) <i>Libri<\/i><\/span><\/p>\n<p style=\"text-align: justify;\"><span style=\"color: #f70745;\">Manzoni C., <i>Vanguardistas en su tinta. Documentos de la vanguardia en Am\u00e9rica Latina<\/i>, Buenos Aires, Corregidor, 2007.<\/span><\/p>\n<p style=\"text-align: justify;\"><span style=\"color: #f70745;\"><i>B) Opere collettive (atti, antologie, raccolte, ecc.)<\/i><\/span><\/p>\n<p style=\"text-align: justify;\"><span style=\"color: #f70745;\">Bravo Herrera F. E., <i>Dante, Valli y Marechal: Fedeli d\u2019Amore en di\u00e1logo<\/i>, en Nicola Bottiglieri et. al. (curatore), <i>Dante en Am\u00e9rica Latina. Actas Primer Congreso Internacional sobre Dante Alighieri en Latinoam\u00e9rica (Salta, 4-8 de octubre de 2004)<\/i>, Ercolano, Edizioni dell\u2019Universit\u00e0 degli Studi di Cassino\u2013ICoN, 2007, pp. 285-297.<\/span><\/p>\n<p style=\"text-align: justify;\"><span style=\"color: #f70745;\"><i>C) Articoli in periodici<\/i><\/span><\/p>\n<p style=\"text-align: justify;\"><span style=\"color: #f70745;\">Dom\u00ednguez Carlos M., <i>Onetti<\/i>, \u201cEl int\u00e9rprete\u201d, a. 2, n. 8, 2007, pp. 25-34.<\/span><\/p>\n<p style=\"text-align: justify;\"><span style=\"color: #f70745;\"><i>D) Citazioni da web<\/i><\/span><\/p>\n<p style=\"text-align: justify;\"><span style=\"color: #f70745;\">Albarado J. C., <i>Hugo Burel en la arena,<\/i> <span style=\"text-decoration: underline;\">http:\/\/www.elboulevard. com.uy\/<\/span><span style=\"text-decoration: underline;\">portal\/letras\/193-hugo-burel-en-la-arena.html<\/span> (12\/08\/2010)<\/span><\/p>\n<h5 style=\"text-align: center;\"><span style=\"color: #ff6600;\"><em>CdH est\u00e1 indexada en las siguientes bases de datos: Latindex, Redial, Ceisal, Road, Hispanismo Cervantes, MIAR<\/em><\/span><\/h5>\n<h5 style=\"text-align: center;\"><span style=\"color: #ff6600;\">\u00a0<\/span><\/h5>\n<h5 style=\"text-align: center;\"><span style=\"color: #ff6600;\"><em>CdH forma parte de Latinoamericana. Asociaci\u00f3n de revistas acad\u00e9micas de humanidades y ciencias sociales<\/em><\/span><\/h5>\n\n\n\n\n\n\n\n\n\n\n\n\n\n\n\n\n\n\n\n","protected":false},"excerpt":{"rendered":"<p>ISSN 2420-918X<\/p>\n","protected":false},"author":2,"featured_media":0,"parent":0,"menu_order":0,"comment_status":"closed","ping_status":"closed","template":"","meta":[],"yoast_head":"<!-- This site is optimized with the Yoast SEO plugin v14.8 - https:\/\/yoast.com\/wordpress\/plugins\/seo\/ -->\n<title>Env\u00edos - Cuadernos del Hipogrifo<\/title>\n<meta name=\"robots\" content=\"index, follow\" \/>\n<meta name=\"googlebot\" content=\"index, follow, max-snippet:-1, max-image-preview:large, max-video-preview:-1\" \/>\n<meta name=\"bingbot\" content=\"index, follow, max-snippet:-1, max-image-preview:large, max-video-preview:-1\" \/>\n<link rel=\"canonical\" href=\"https:\/\/www.revistaelhipogrifo.com\/?page_id=29\" \/>\n<meta property=\"og:locale\" content=\"es_ES\" \/>\n<meta property=\"og:type\" content=\"article\" \/>\n<meta property=\"og:title\" content=\"Env\u00edos - Cuadernos del Hipogrifo\" \/>\n<meta property=\"og:description\" content=\"ISSN 2420-918X\" \/>\n<meta property=\"og:url\" content=\"https:\/\/www.revistaelhipogrifo.com\/?page_id=29\" \/>\n<meta property=\"og:site_name\" content=\"Cuadernos del Hipogrifo\" \/>\n<meta property=\"article:modified_time\" content=\"2024-02-21T19:49:28+00:00\" \/>\n<script type=\"application\/ld+json\" class=\"yoast-schema-graph\">{\"@context\":\"https:\/\/schema.org\",\"@graph\":[{\"@type\":\"WebSite\",\"@id\":\"https:\/\/www.revistaelhipogrifo.com\/#website\",\"url\":\"https:\/\/www.revistaelhipogrifo.com\/\",\"name\":\"Cuadernos del Hipogrifo\",\"description\":\"REVISTA SEMESTRAL DE LITERATURA HISPANOAMERICANA Y COMPARADA\",\"potentialAction\":[{\"@type\":\"SearchAction\",\"target\":\"https:\/\/www.revistaelhipogrifo.com\/?s={search_term_string}\",\"query-input\":\"required name=search_term_string\"}],\"inLanguage\":\"es\"},{\"@type\":\"WebPage\",\"@id\":\"https:\/\/www.revistaelhipogrifo.com\/?page_id=29#webpage\",\"url\":\"https:\/\/www.revistaelhipogrifo.com\/?page_id=29\",\"name\":\"Env\\u00edos - Cuadernos del Hipogrifo\",\"isPartOf\":{\"@id\":\"https:\/\/www.revistaelhipogrifo.com\/#website\"},\"datePublished\":\"2013-04-09T21:51:42+00:00\",\"dateModified\":\"2024-02-21T19:49:28+00:00\",\"inLanguage\":\"es\",\"potentialAction\":[{\"@type\":\"ReadAction\",\"target\":[\"https:\/\/www.revistaelhipogrifo.com\/?page_id=29\"]}]}]}<\/script>\n<!-- \/ Yoast SEO plugin. -->","_links":{"self":[{"href":"https:\/\/www.revistaelhipogrifo.com\/index.php?rest_route=\/wp\/v2\/pages\/29"}],"collection":[{"href":"https:\/\/www.revistaelhipogrifo.com\/index.php?rest_route=\/wp\/v2\/pages"}],"about":[{"href":"https:\/\/www.revistaelhipogrifo.com\/index.php?rest_route=\/wp\/v2\/types\/page"}],"author":[{"embeddable":true,"href":"https:\/\/www.revistaelhipogrifo.com\/index.php?rest_route=\/wp\/v2\/users\/2"}],"replies":[{"embeddable":true,"href":"https:\/\/www.revistaelhipogrifo.com\/index.php?rest_route=%2Fwp%2Fv2%2Fcomments&post=29"}],"version-history":[{"count":89,"href":"https:\/\/www.revistaelhipogrifo.com\/index.php?rest_route=\/wp\/v2\/pages\/29\/revisions"}],"predecessor-version":[{"id":2551,"href":"https:\/\/www.revistaelhipogrifo.com\/index.php?rest_route=\/wp\/v2\/pages\/29\/revisions\/2551"}],"wp:attachment":[{"href":"https:\/\/www.revistaelhipogrifo.com\/index.php?rest_route=%2Fwp%2Fv2%2Fmedia&parent=29"}],"curies":[{"name":"wp","href":"https:\/\/api.w.org\/{rel}","templated":true}]}}